2 + 7*o - 2. Give r(8).
-10
Let h(z) = -3*z**2 + 121*z - 27. What is h(40)?
13
Let s(p) = p**3 - 13*p**2 + p + 3. Determine s(13).
16
Let q(c) = c**2 + c - 8. What is q(7)?
48
Let i(p) = p**2 - 8*p - 13. Calculate i(9).
-4
Let n(u) = -3*u + 27. What is n(4)?
15
Let x(c) = -c**2 + 9*c + 1. Give x(6).
19
Let b(n) = -n**3 - n**2 - 5*n - 2. Determine b(-3).
31
Let d(x) = 6*x - 1. Determine d(-2).
-13
Let z(o) = -5*o + 1. Determine z(0).
1
Let b(w) = 10*w - 109. Give b(10).
-9
Let u(o) = -4*o + 5. What is u(1)?
1
Let f(h) = -5*h - 3. Determine f(1).
-8
Let t(o) = o**2 + 10*o + 2. Calculate t(-9).
-7
Let v(h) = -3*h**2 + 4. What is v(3)?
-23
Let v(x) = -x**3 + 23*x**2 + 23*x + 14. Determine v(24).
-10
Let g(o) = -o**2 + o + 38. Determine g(6).
8
Let i(b) = -14*b**2 - 1. What is i(1)?
-15
Let d(a) = a - 20. Give d(24).
4
Let w(y) = -y**3 - 6*y**2 + 57*y + 24. Calculate w(-11).
2
Let q(k) = -k**2 - 12*k - 17. Calculate q(-8).
15
Let o(n) = -n**3 + 5*n**2 + 4*n - 1. Calculate o(3).
29
Let s(p) = -p**3 + 11*p**2 - 8*p - 19. Determine s(10).
1
Let n(d) = -11*d - 1. Calculate n(2).
-23
Let b(m) = 4*m - 84. What is b(28)?
28
Let i(s) = -s**3 - 9*s**2 - 6*s + 16. Determine i(-8).
0
Let h(a) = -a**2 + 8*a + 390. What is h(-16)?
6
Let u(w) = -5*w - 20. Give u(-7).
15
Let k(t) = 7*t + 1. Give k(2).
15
Let d(o) = o**3 + 3*o**2 - 6*o - 2. Calculate d(-5).
-22
Let a(r) = -r**3 - 45*r**2 + 91*r - 145. Calculate a(-47).
-4
Let b(j) = -j**2 + 13*j + 15. Determine b(14).
1
Let j(i) = -i**3 + 4*i**2 - 4*i + 6. Calculate j(5).
-39
Let n(t) = -3*t - 1. Determine n(-4).
11
Let v(n) = 6*n - 1. Calculate v(2).
11
Let z(a) = a**3 + a**2 + 10*a + 22. Give z(-2).
-2
Let w(l) = -l**2 - l - 1. Give w(-3).
-7
Let k(r) = r + 2. What is k(8)?
10
Let t(a) = -7*a - 11. Give t(4).
-39
Let k(d) = -7*d**2 - 23*d - 1. What is k(-4)?
-21
Let r(v) = v - 11. Give r(-5).
-16
Let o(h) = h**3 - 10*h**2 + 9*h - 3. Determine o(9).
-3
Let w(s) = -s**2 + 87*s - 1381. Calculate w(21).
5
Let t(l) = -l**2 + 12*l - 9. What is t(12)?
-9
Let a(z) = -z**3 + z**2 + 10*z - 5. Give a(4).
-13
Let k(h) = 2*h - 1. What is k(-21)?
-43
Let g(w) = w**2 - 6*w. What is g(3)?
-9
Let q(x) = 21*x - 33. Give q(1).
-12
Let i(k) = -2*k - 15. Give i(-9).
3
Let h(r) = -6*r + 28. Calculate h(8).
-20
Let f(a) = -14*a - 1. Determine f(1).
-15
Let x(n) = n**3 + 7*n**2 - 11*n. What is x(-8)?
24
Let z(o) = o + 11. Calculate z(-7).
4
Let g(f) = -f**2 - 2*f + 9. Give g(-5).
-6
Let i(a) = -a**3 - 26*a**2 - 28*a - 71. Calculate i(-25).
4
Let d(k) = 8*k - 45. What is d(4)?
-13
Let c(s) = -s**3 - s**2 + 6*s - 2. Calculate c(-3).
-2
Let x(d) = -d**3 - 5*d**2 - 2. Calculate x(-4).
-18
Let x(c) = -10*c - 21. What is x(0)?
-21
Let c(o) = -42*o - 3. Give c(0).
-3
Let u(i) = 8*i**3 - 2*i**2 - i + 1. Determine u(-2).
-69
Let d(l) = -l**2 - 5*l + 1. Determine d(-6).
-5
Let q(x) = -x**3 + 8*x**2 + 6*x + 21. Calculate q(9).
-6
Let d(j) = -j**2 - 109*j - 512. Give d(-5).
8
Let t(q) = -6*q + 21. Determine t(0).
21
Let h(z) = -8*z + 1. Give h(2).
-15
Let c(p) = -p**2 - 25*p - 22. Calculate c(-25).
-22
Let q(u) = -u. What is q(-3)?
3
Let y(b) = 2*b**3 + 21*b**2 + 5*b - 44. Determine y(-10).
6
Let g(o) = 6*o + 120. Give g(-18).
12
Let p(u) = u**2 - 14*u + 8. What is p(8)?
-40
Let o(d) = 6*d**3 + 2*d**2 + d + 4. Give o(-2).
-38
Let u(w) = w**3 + 12*w**2 + w + 5. Calculate u(-12).
-7
Let s(x) = -x**2 + 11*x - 8. Calculate s(11).
-8
Let a(h) = -h**2 + 17*h - 55. Give a(12).
5
Let g(w) = w**3 - 8*w**2 - 8*w - 31. What is g(9)?
-22
Let c(x) = 2*x**2 - 12*x + 6. What is c(6)?
6
Let w(g) = -g**3 + g**2 - g - 14. What is w(0)?
-14
Let d(l) = -l**2 - 12*l - 7. Determine d(-10).
13
Let r(x) = -x**3 + 5*x**2 + 2*x - 10. Calculate r(3).
14
Let n(i) = i**2 - 15*i + 10. Give n(13).
-16
Let o(x) = 2*x + 19. Determine o(-6).
7
Let v(u) = u**3 + 18*u**2 - 17*u + 26. Calculate v(-19).
-12
Let v(w) = w**3 - 7*w**2 - 4*w + 1. Determine v(7).
-27
Let f(u) = 14*u + 26. Give f(-2).
-2
Let h(o) = 11*o. Determine h(2).
22
Let f(h) = h**2 + 8*h - 15. Give f(-12).
33
Let z(v) = v**2 - 8*v - 17. Calculate z(9).
-8
Let f(b) = 2*b**3 - 8*b**2 + 7*b - 6. Calculate f(4).
22
Let t(h) = 60*h + 121. Give t(-2).
1
Let y(w) = 2*w + 30. Calculate y(-14).
2
Let y(n) = -n**2 - 19*n + 9. Determine y(-18).
27
Let w(b) = -6*b**2 + 3*b - 7. Give w(-3).
-70
Let p(l) = 8*l + 11. Determine p(-3).
-13
Let u(n) = -11*n**2 + 6*n - 1. Give u(1).
-6
Let k(y) = y**2 - 22*y - 25. Determine k(24).
23
Let y(i) = 16*i + 18. Give y(-2).
-14
Let o(h) = h**2 - 7*h + 6. Give o(4).
-6
Let t(a) = -5*a**2 - 5*a - 6. Calculate t(-4).
-66
Let s(k) = 2*k**2 - 14*k + 7. What is s(7)?
7
Let i(l) = 6*l**3 + 2*l**2 - 4*l + 2. Calculate i(2).
50
Let f(g) = g**2 + 2. Determine f(3).
11
Let g(i) = i + 2. What is g(-6)?
-4
Let u(p) = p**3 - 7*p - 5. Determine u(-3).
-11
Let a(x) = -2*x**2 + 5*x - 5. What is a(3)?
-8
Let h(p) = p**3 - 9*p**2 + 7*p - 10. What is h(8)?
-18
Let r(f) = -f**2 - 14*f - 2. What is r(-14)?
-2
Let c(l) = l**3 + 3*l**2 - 8*l - 4. What is c(2)?
0
Let z(y) = 8*y + 3. Give z(13).
107
Let m(v) = 5*v - 146. Give m(27).
-11
Let g(j) = -j**3 + 7*j**2 + 9*j + 7. Determine g(8).
15
Let g(f) = -46*f. Give g(1).
-46
Let u(x) = x**2 + 7*x + 21. Determine u(-3).
9
Let j(h) = h**2 - h - 2. Give j(5).
18
Let i(l) = -l**3 - 8*l**2 - 9*l - 5. Determine i(-7).
9
Let x(v) = v + 7. What is x(-7)?
0
Let y(d) = -5*d - 29. Give y(-5).
-4
Let u(l) = -l - 13. What is u(17)?
-30
Let f(u) = -u**2 + 5*u - 10. Calculate f(4).
-6
Let y(d) = 12*d**3 + d**2 + 4*d + 2. Give y(-1).
-13
Let l(k) = -56*k + 282. What is l(5)?
2
Let v(a) = a**2 + 4*a + 2. Determine v(10).
142
Let u(g) = g - 17. What is u(10)?
-7
Let t(b) = b**3 - 12*b**2 - 3*b + 8. Give t(12).
-28
Let t(j) = 2*j**2 - 22*j - 12. Calculate t(12).
12
Let d(f) = -f**3 + 7*f**2 + f + 3. What is d(7)?
10
Let j(x) = -x**3 - 5*x**2 + x - 11. Calculate j(-6).
19
Let u(v) = 43*v - 1. Give u(-1).
-44
Let q(m) = -8*m - 25. Give q(-4).
7
Let u(i) = -2*i**3 - 6*i**2 - 17*i + 2. Determine u(-4).
102
Let y(x) = 5*x + 76. Give y(-11).
21
Let i(d) = 2*d**2 + 6*d - 6. Determine i(3).
30
Let r(v) = -v**2 + 9*v + 1. Give r(9).
1
Let x(s) = 3*s**2 + 8*s - 3. Calculate x(-3).
0
Let s(f) = -f - 9. Give s(-8).
-1
Let x(v) = -2*v - 3. Calculate x(0).
-3
Let p(w) = -w**2 - 5*w + 13. Determine p(2).
-1
Let b(t) = -2*t**3 - 5*t**2 - t - 5. What is b(-4)?
47
Let b(x) = -3*x - 73. What is b(-24)?
-1
Let l(r) = 16*r - 33. Calculate l(12).
159
Let g(m) = m**3 + 2*m**2 - 8*m + 4. Give g(-5).
-31
Let j(c) = -c**3 + 7*c**2 + 11*c - 4. Give j(6).
98
Let a(h) = h**3 + 6*h**2 - 10*h - 21. Give a(-6).
39
Let y(i) = -i + 14. Determine y(10).
4
Let f(l) = 2*l + 14. Determine f(-6).
2
Let o(t) = 2*t - 4. Calculate o(-9).
-22
Let h(q) = -37*q**2 - 5*q - 3. Give h(-1).
-35
Let j(w) = 3*w**2 + 34*w + 61. Determine j(-2).
5
Let w(v) = 2*v - 4. Determine w(4).
4
Let f(j) = 2*j**2 - 12*j + 19. Calculate f(2).
3
Let s(b) = b + 15. What is s(2)?
17
Let k(h) = -4*h - 7. Give k(-2).
1
Let h(r) = -r**2 + 5*r - 2. Give h(1).
2
Let c(u) = -8*u**3 - 4*u**2 + 19*u - 16. Calculate c(1).
-9
Let z(g) = -g + 14. Give z(9).
5
Let u(h) = 3*h - 59. What is u(11)?
-26
Let o(b) = 33*b + 236. What is o(-8)?
-28
Let s(o) = 2*o + 99. Give s(-22).
55
Let o(g) = -g**2 - 15*g + 13. Determine o(-15).
13
Let v(t) = t**3 - 6*t**2 + 4*t - 4. What is v(5)?
-9
Let t(g) = -24*g + 320. Give t(13).
8
Let z(l) = -4*l + 113. Calculate z(23).
21
Let h(p) = 6*p + 23. What is h(-6)?
-13
Let o(x) = 5*x + 25. Calculate o(-4).
5
Let o(a) = 124*a + 1. Calculate o(-1).
-123
Let i(g) = 22*g**2 + g. Determine i(-1).
21
Let i(l) = -3*l + 24. What is i(13)?
-15
Let j(a) = a**2 - a - 1. What is j(2)?
1
Let o(b) = -2*b**2 - 6*b + 28. What is o(-7)?
-28
Let h(m) = 3*m**3 + 5*m**2 + 5*m + 7. Determine h(-3).
-44
Let f(o) = -o**3 + 7*o**2 - o + 10. Calculate f(7).
3
Let i(y) = -y**2 - 9*y - 1. Give i(-5).
19
Let h(w) = -w**2 + 13*w + 77. Determine h(19).
-37
Let d(b) = 6*b**2 - 9*b + 4. Give d(4).
64
Let j(t) = -6*t + 5. What is j(-2)?
17
Let p(h) = h**3 + 8*h**2 - 10*h - 6. What is p(-9)?
3
Let a(w) = 9*w**2 + 5*w - 7. Give a(2).
39
Let l(b) = b**2 - 7*b + 3. What is l(7)?
3
Let j(i) = 3*i**3 + 2*i**2 - 5*i - 2. Give j(-3).
-50
Let q(h) = -h**3 - h**2. Determine 